t d(t) = 12*t**2 - 26*t - 213. Let r(w) = 5*w**2 - 13*w - 106. Let y(l) = -2*d(l) + 5*r(l). Let b be y(24). What is the greatest common factor of b and 8?
8
Let q = -2847 + 4462. Let c = -1105 + q. Suppose 3*h + f - c = 0, -4*h + 3*f - 846 = -9*h. Calculate the greatest common divisor of h and 19.
19
Let t be 15488/384 - (14/6 - 2)*-2. Suppose 0 = r - 3*r + 738. What is the highest common divisor of t and r?
41
Let g = 95 + -90. Suppose -k + g*x = 37 - 120, -k - 5*x + 83 = 0. Let u = k - 56. Calculate the highest common divisor of 189 and u.
27
Suppose -22*c = -17*c - 2010. Suppose 0 = -408*a + c*a + 72. Calculate the highest common factor of a and 468.
12
Suppose -2*w = 33*v - 38*v + 1610, -3*v + w = -966. What is the highest common factor of v and 736?
46
Suppose -99*m = 15501 - 169941. Calculate the greatest common factor of 640 and m.
40
Let o(v) = -171*v - 331. Let c be o(-2). What is the greatest common divisor of 44 and c?
11
Suppose -10*o - 323 = -25*o - 4*o. Let j be (0 - (-1)/3)*867. Calculate the greatest common divisor of j and o.
17
Suppose 424*l - 4864 = 272*l. Calculate the greatest common factor of 2704 and l.
16
Let x(s) = 2*s - 10. Let f be x(7). Let g = -532 - -683. Suppose -5*m - f*l = -g, -5*m + 189 = 2*l + 46. What is the greatest common divisor of 18 and m?
9
Suppose -12*m + 11465 - 2609 = 0. Calculate the greatest common divisor of m and 162.
18
Suppose -3108 = -80*y + 6892. Let f = -95 + 42. Let p = y + f. What is the highest common factor of 18 and p?
18
Let n(y) = 38*y**3 - 4*y**2 + 118*y - 992. Let w be n(7). What is the highest common factor of w and 33?
33
Let s = 299 + -297. Suppose 3*y - 230 = a + 165, 0 = s*y - 5*a - 259. What is the highest common divisor of y and 12?
12
Let a be 1062/885 + (-1438)/(-10). Calculate the highest common divisor of a and 609.
29
Suppose -4392*k + 4402*k - 490 = 0. Let p = 0 + 4. Suppose -3*g - 5*r + 3*r + 19 = 0, -2*r = -p*g + 30. Calculate the highest common divisor of g and k.
7
Let i(t) = 12 + 1 + 4 + 9 - 10 + 10*t. Let n be i(1). What is the greatest common divisor of n and 221?
13
Let i be 7852/13 - (-6)/1. Let z = i + -595. Calculate the highest common divisor of z and 435.
15
Let i be (-112)/7 - (-4074)/3. What is the greatest common divisor of 66 and i?
22
Let h(j) = -103*j + 2 + 10 + 107*j. Let d be h(8). Let s = -1055 + 1066. What is the greatest common factor of d and s?
11
Let s be ((-1)/2*12*-63)/(705/470). What is the highest common divisor of 10080 and s?
252
Let c(m) be the third derivative of -16*m**2 + 0*m + 6*m**3 - 1/24*m**4 + 0. Let t be c(6). Calculate the greatest common factor of t and 6.
6
Let l = 385 + -375. Suppose l*z = 218 + 142. Let g(p) = p**2 - p + 27. Let w be g(0). What is the highest common divisor of w and z?
9
Suppose -555*o - 46970 = -940*o. Calculate the greatest common divisor of o and 1891.
61
Let n(q) = -100*q**2 + 3*q - 8. Let r(t) = -200*t**2 + 5*t - 16. Let v(i) = -7*n(i) + 3*r(i). Let a be v(1). Calculate the greatest common divisor of 34 and a.
34
Suppose c + q - 4*q - 54 = 0, -q + 112 = 3*c. Let k(l) = -26*l - 17. Let w be k(-5). Let p = -87 + w. What is the greatest common divisor of c and p?
13
Suppose 233 = 3*k - 2*k + 3*y, 12 = 4*y. What is the greatest common divisor of 392 and k?
56
Let t be 1 + 3/((-3)/17). Let z(a) = 0*a + 27*a - 16 - 17*a**2 - 50*a - a**3. Let q be z(t). Calculate the greatest common divisor of q and 32.
32
Suppose 2*s - 5*l = 91, 5*l = -12654*s + 12659*s - 265. Let d(b) = 14*b**2 - 3*b. Let k be d(-6). Calculate the greatest common factor of k and s.
58
Suppose 0 = -12*s + 1809 + 303. Calculate the greatest common factor of 24 and s.
8
Let q(m) = 2*m**2 + 193*m + 1560. Let i be q(0). Calculate the greatest common factor of i and 429.
39
Let k be (-29300)/(-24) - (464/(-96))/29. Calculate the greatest common factor of k and 4551.
111
Let m = -612 - -414. Let g = -184 - m. Calculate the greatest common divisor of 70 and g.
14
Let v be (-1 - 1)/(1 - 3). Suppose -3*q = -d - 12, 8*d = 11*d + 9. Let g be (-2 + -6 + 9)/(1/q). Calculate the highest common factor of v and g.
1
Suppose 0 = 2*k + 3*u - 504, 5*u + 1306 = 5*k + u. Let x be 9 + 3 + (-2 + -3 - 1). Calculate the highest common factor of x and k.
6
Suppose -5*y = 2*r - 66, 2*y + 2*y = 4*r + 36. Suppose -5 = -y*f + 19. Suppose -9*x + f*x = -1512. Calculate the highest common divisor of x and 27.
27
Let v be -2*48*(-4)/12. Let p(s) = 4*s**2 - 14*s - 34. Let a be p(-9). Calculate the highest common divisor of v and a.
32
Suppose -9*x = -65439 + 65358. Calculate the greatest common divisor of 1818 and x.
9
Suppose -4*v - x = -7241, 11*v - 15*v = 4*x - 7244. Suppose -5*t + 3*f = -v + 321, -596 = -2*t + f. Calculate the highest common divisor of 13 and t.
13
Let u(o) = 253*o + 9959. Let k be u(-32). Calculate the greatest common factor of k and 299.
23
Let y = -6 + 9. Suppose -4728*g = -4718*g - 60. Suppose y*w = g*w + 12, -2*a - w + 4 = 0. Calculate the greatest common divisor of a and 22.
2
Suppose -4*s - 3*y = -2860, 4*s - 4*y - 3571 + 683 = 0. Let g be s/5 + 98/245. What is the greatest common divisor of 24 and g?
24
Let u(g) = -g**3 + 3*g**2 + 9*g + 7. Let v be u(5). Let s be ((-24)/18)/v*-234. What is the greatest common factor of 36 and s?
12
Suppose -10*z + 77 = 47. Suppose 0 = -z*s - 5*x + 255, -394 = -7*s + 2*s + 2*x. What is the greatest common divisor of s and 400?
80
Let w = 7 + -1. Let x(d) = 2*d**2 - 8. Let p be x(w). Let z = -3580 - -3596. What is the greatest common factor of p and z?
16
Let h(a) = 210*a + 18039. Let r be h(-85). Let t(i) = 7*i**2 + i. Let b be t(-4). What is the highest common divisor of b and r?
27
Suppose -69 - 31 = 21*z - 373. Calculate the highest common factor of z and 17420.
13
Let n be (255/30)/17*36. Calculate the highest common divisor of 50 and n.
2
Let t(r) = 22*r**2 + 5*r + 4. Suppose -3*d = -0*d - 15, -3*f + d - 8 = 0. Let i be t(f). Calculate the highest common factor of i and 84.
21
Let o(g) be the third derivative of 2*g**4/3 + 53*g**3/3 - 2*g**2 - 36. Let p be o(-6). Let y = 19 + -15. What is the greatest common factor of p and y?
2
Suppose -568*x = l - 572*x - 2620, -2*l = 4*x - 5228. What is the greatest common divisor of 216 and l?
24
Let l be (-21 - -19) + 2*23. Let k = 26 - 32. Let z(x) = -x + 16. Let t be z(k). Calculate the greatest common factor of t and l.
22
Let i = -36691 + 36751. What is the greatest common factor of 640 and i?
20
Let l(b) = -b**3 - 4*b**2 - b + 7. Suppose 6*r = -16 - 14. Let k be l(r). Let x = k + -35. What is the highest common divisor of 1 and x?
1
Suppose 1555 = 5*a + 1565, 3*a - 309 = -5*v. What is the highest common factor of v and 8253?
63
Let d = 68 + -30. Let x = -24 + d. Let a be (9/(-6))/((-3)/252*1). Calculate the highest common divisor of a and x.
14
Suppose -3*l + 114 = -g, -2*l + 210 = 3*l + 5*g. Let d be 1*(15/1)/(-1). Let i be (-6)/d - (-63)/5. Calculate the greatest common divisor of l and i.
13
Suppose -g = -5*o - 44, 0*g - 5*o = g - 34. Suppose 3*j - 99 = -6*j. Suppose -j*d + 55 + 88 = 0. What is the greatest common factor of g and d?
13
Let b(l) = -l**3 - 3*l**2 - 15*l - 2. Let z be b(-10). Suppose 3*y = 2*x + z - 292, 4*y = -4*x + 728. What is the highest common divisor of 46 and y?
46
Let k = -621 + 597. Let p be k/(-64) + (-2954)/(-16) + -5. What is the highest common divisor of p and 6?
6
Let g(s) = 64*s**2 - 43*s + 447. Let d be g(6). What is the highest common divisor of d and 36?
9
Let h = 179 - -8. Suppose h = -4*l + 563. Let r = -69 + l. What is the greatest common divisor of r and 5?
5
Let t(n) = -n**3 - 6*n**2 + 8*n - 6. Let l be t(-7). Let d(s) = -s**3 - 13*s**2 + 4*s + 56. Let g be d(l). What is the highest common divisor of 17 and g?
1
Suppose 0 = -k + x - 122, 9*x - 513 = 4*k + 10*x. Let c = k - -149. What is the highest common factor of 506 and c?
22
Let a = 18 + 78. Suppose -a = -6*p + 18. Suppose 0 = -24*l + p*l + 90. Calculate the greatest common divisor of 126 and l.
18
Suppose 1123 = 4*t - 321. Suppose 0*h - t = -19*h. Calculate the greatest common factor of 19 and h.
19
Let l be (-236)/6*(-79023)/994. What is the greatest common divisor of l and 212?
53
Let l = 2082 + -1935. What is the highest common factor of 294 and l?
147
Suppose 2*